(-546)/(-28)?
36
Suppose 0 = 2*d + 2*f - 16, -842*f + 44 = 5*d - 841*f. Suppose -r - 1 + 7 = 0. Suppose -s - 20 = -r*s. What is the remainder when d is divided by s?
1
Let l(p) = -2013*p - 15692. What is the remainder when l(-8) is divided by 102?
4
Let o be (437 - 1) + 13 + -22. Let a = -324 + o. Calculate the remainder when 406 is divided by a.
97
Let k(r) = 7*r**3 - 38*r**2 - 83*r + 27. Let p(m) = 2*m**3 + m**2 + m + 1. Let z(i) = k(i) - 3*p(i). Calculate the remainder when 45 is divided by z(43).
21
Suppose 3*l + 379 = 373, -5*v + 3936 = -3*l. Calculate the remainder when v is divided by 33.
27
Let u = -2364 - -2542. Let h = -13 - -39. Calculate the remainder when u is divided by h.
22
Suppose -31 = -5*x + 249. What is the remainder when x is divided by 38?
18
Let g(n) = -64*n + 139. Let k be g(10). Let r = -438 - k. What is the remainder when 110 is divided by r?
47
Let c(a) = 25*a - 3 - 1 - 2. Let k be 1/3 - ((-28)/(-3))/(-14). Calculate the remainder when 55 is divided by c(k).
17
Let k be ((-4)/6)/(2530/360 + -7). Calculate the remainder when 106 is divided by k/132 - (1 - 321/11).
22
Suppose -4*n + 4*j + 408 = 0, -4 + 0 = j. Suppose 28*r - n = 1554. Calculate the remainder when 64 is divided by r.
5
Let j be (152/(-20))/(6/30). Let m = 51 - j. What is the remainder when m is divided by 6?
5
Suppose -8 = -o - 3. Let t = 13 - o. Calculate the remainder when 6 is divided by 2/9 + (-20)/9 + t.
0
Let h be 2/(10/(-15)) + 8. Suppose 3*w + w - 66 = h*t, -3*w + 4*t + 49 = 0. Calculate the remainder when (-72 + 4 + -5)/(-1) is divided by w.
16
Suppose 25 - 26 = 6*i - 349. What is the remainder when i is divided by 26/2 + (2 - 0)?
13
Let v(k) = 4*k + 113*k**2 - 1789 + 1785 - 32*k**2. Calculate the remainder when v(1) is divided by (-2)/3 - 265/(-15).
13
Let u be (1 - 6) + -1 + 7. Suppose -4*l + 140 = l. Calculate the remainder when (13 + -12)/((-164)/166 + u) is divided by l.
27
Let t(k) = k**3 - 7*k**2 + 4. Let s(i) = -i**2 + 4*i + 7. Let v be s(0). What is the remainder when (3/9 - 1)*-6 is divided by t(v)?
0
Let m = -13815 + 13882. What is the remainder when 314 is divided by m?
46
Suppose -8*t = 11*t - 38. Suppose 0 = -3*s - 1 - t, 4*s + 209 = 5*n. Calculate the remainder when n is divided by (-1)/(3 - (-64)/(-21)).
20
Let u be (-68)/(-24) - 5/(-30). Let a be (u/(-12))/((-10)/200). Suppose -3*h = -a*j - 78, 3*h + j = 90 - 12. What is the remainder when h is divided by 9?
8
Suppose -r - 2 = 0, 5*n - 58 + 10 = -r. Suppose 16*j - 210 = n*j. What is the remainder when 137 is divided by j?
32
Suppose -42*n + 28*n = -692 + 216. Let z(h) = 7*h**2 - h - 3. Let f = -8 + 13. What is the remainder when z(f) is divided by n?
31
Suppose -2*v = -34 - 20. Let r = -10 + 12. Suppose -2*c = -4*y + 414, 0*y - y + r*c = -96. Calculate the remainder when y is divided by v.
25
Let g = -1438 - -1569. Calculate the remainder when 521 is divided by g.
128
Let b be (-10)/(-3)*(-7)/35*-99. Suppose -3*r + s = -b, -12 = -7*s + 3*s. Calculate the remainder when 6/8 + 845/20 is divided by r.
20
Calculate the remainder when 389 is divided by 1/2 - (1127/(-46) + -3).
25
Suppose 312 = 2*x + 3*b - 316, 3*b = -5*x + 1552. Calculate the remainder when x is divided by (-3 + 65)*(-1)/(-2).
29
Suppose 1494 - 5694 = -427*d + 13307. What is the remainder when 299 is divided by d?
12
What is the remainder when 284 is divided by 13 - (2 - 621/3)?
66
Suppose -4*p + 11 = -i, -2*i + 5*p - 10 = -0. Suppose -78 = -i*k + 3*k. Suppose -354 = -27*f + 24. What is the remainder when k is divided by f?
11
Let r = 2 + 30. Suppose 4*d + b = 367, 10*d - 14*d = -b - 361. What is the remainder when d is divided by r?
27
Suppose 10*c = 91 - 31. Let x(n) = n**2 - 3*n - 22. Let z be x(c). What is the remainder when 51 is divided by ((-2)/z)/(1/56)?
23
Suppose -6*v + 24 = -0*v. Suppose f + f = -5*x + 238, -v*f = x - 44. What is the remainder when 141 is divided by x/10*(2 + 3)?
21
Suppose 4*v - 2*w = 2568, -3*v + 6*w - 4*w = -1925. What is the remainder when v is divided by 7?
6
Let p(t) = t**3 + 10*t**2 + 18*t - 33. Let z = -12 + 19. What is the remainder when z is divided by p(-6)?
1
Calculate the remainder when 357 is divided by (-9579)/(-155) + (3 - 42/15).
47
Let b be 1 + 1 - (-3 - -11). Let o be 3/b - (-10)/4. Suppose -16 = 2*d - 4*d + 4*q, -3*d + 24 = o*q. What is the remainder when d is divided by 5?
3
Let h = 7599 - 5579. Calculate the remainder when h is divided by 17.
14
Suppose m = 7 - 5. Let v(h) = 6*h - 5. What is the remainder when m - 0 - (13 + -3)*-6 is divided by v(3)?
10
Suppose 0*v = 3*v - 81. Let c(r) = -10*r**2 - 50 + 102 - r**3 - 9*r - 41. Calculate the remainder when v is divided by c(-9).
5
Suppose -4*h + 0 = 3*p + 6, 0 = 5*p - 4*h - 22. Let m(t) = 20*t + 7. What is the remainder when m(p) is divided by 19?
9
Let t = 259 + -250. Calculate the remainder when 38/(6/t - 0) is divided by 12.
9
Suppose 4*u = 5*i - 9*i + 2464, 8*i - 4912 = -4*u. What is the remainder when i is divided by 146?
28
Suppose -33 = -f - 5*r, -50*r + 54*r + 136 = 2*f. What is the remainder when 1040 is divided by f?
54
Let m = -63 + 106. Suppose 4212 - 1584 = 111*p - 3144. Calculate the remainder when p is divided by m.
9
Let h(p) = -15*p**3 - 6*p - 21*p**3 - 11 - 23*p**3 + 57*p**3. Calculate the remainder when 458 is divided by h(-2).
16
Suppose 5*k - 22 = -2*j, 5*j + 3*k = 6*k + 86. Calculate the remainder when 2/16*362 - 795/636 is divided by j.
12
Suppose 629319 + 1193160 = 229*x + 7196. Calculate the remainder when x is divided by 13.
10
Let t(j) = 18*j - 2. Let f be t(5). Let v = f + -36. Let u = 56 - v. Calculate the remainder when 23 is divided by u.
3
Suppose -11*t - 327 = 14*t - 9902. Calculate the remainder when t is divided by 129.
125
Let d(u) = -u**2 - 10*u + 10. Suppose -7*o - 58 - 12 = 0. Let v be d(o). Suppose -v*f = -7*f - 33. Calculate the remainder when 43 is divided by f.
10
Let q(z) = -6*z**2 - 4*z**2 - 4 - 2 + 6*z**2. Let s be q(-4). Let y = -64 - s. Calculate the remainder when 65 is divided by y.
5
Let z(b) = -77*b + 39. Let i be z(-5). What is the remainder when i/40 - 10 - (-127)/5 is divided by 10?
6
Suppose 404 + 744 = 7*z. What is the remainder when z is divided by 29?
19
Suppose -53487 + 49275 = -6*o. Calculate the remainder when o is divided by 8.
6
Suppose 4*v - 3*v = a + 134, 12*a + 60 = 0. Calculate the remainder when 1308 is divided by v.
18
Suppose 5*l + 67 = 22. Calculate the remainder when 20 is divided by 152/12 + 6/l.
8
Suppose -1890*s - 13034 = -1909*s. What is the remainder when s is divided by 106?
50
Let k = -1130 - -1492. Calculate the remainder when k is divided by 175.
12
Suppose 1703 = 15*v - 11257. What is the remainder when v is divided by 271?
51
Suppose -5*j + 21763 = 17*j - 6661. What is the remainder when j is divided by 72?
68
Suppose 0 = -4*n + 4 - 0. Let l(q) = q**2 + 2*q - 3. Let z be l(n). Suppose z*a = a - 24. What is the remainder when 69 is divided by a?
21
Let w be (3 + (-24)/9)*231. Let z = 1 + w. What is the remainder when 51 is divided by z*(4 + 22/(-6))?
25
Suppose 0 = -3*t - 4*t - 14. Let v be 0/(t/4*-4). Suppose 0 = -3*m - 6, -4*j = -v*m + 3*m - 34. What is the remainder when 15 is divided by j?
5
Suppose 5*i + 15 = 2*i. Suppose -11*g + 12*g - 18 = 0. Calculate the remainder when 59 is divided by (i/3)/((-1)/g).
29
Let a = -18530 + 19456. Calculate the remainder when a is divided by 36.
26
Let k be (2/(-2))/(1/3). Let s = 9 + k. Let m(u) = u + 10. Calculate the remainder when 78 is divided by m(s).
14
Let q(b) be the first derivative of 4*b**3/3 - 8*b**2 + 132. What is the remainder when 185 is divided by q(6)?
41
Let k = 317 - -641. Let l = -537 + k. Suppose 3*y + l = 4*j - 0*y, 0 = -5*y - 15. What is the remainder when j is divided by 21?
19
Let q = -5073 - -5114. Calculate the remainder when 672 is divided by q.
16
What is the remainder when (-30072)/(-32) - (-5 - 46/(-8)) is divided by 37?
14
Let p(n) = -17*n - 11. Let w(g) = -11*g. Let i = 20 - 26. What is the remainder when w(i) is divided by p(-2)?
20
Calculate the remainder when 1058 is divided by (-69)/9*-23*(42/(-6) + 10).
0
Let t = 10013 - 6766. Calculate the remainder when t is divided by 16.
15
Let l = 32027 - 31964. Let u be (9/6)/(1/18). Let a = 59 - u. Calculate the rem